- (-21)/5. Let n = -15 - -51. Calculate the greatest common divisor of n and s.
4
Let l(m) = 7*m**2 + 50*m - 116. Let w be l(2). Let c = -13 - -25. Suppose -k + c = 5*y, -23 = 5*k + 5*y - 83. Calculate the highest common divisor of w and k.
12
Let j = 28 + -24. Suppose 0 = -2*y - j*a - 14, 11 = -y + 4*a + 34. Suppose 0 = -3*c, c = -3*u - 2*u + 150. What is the highest common divisor of y and u?
3
Suppose 0 = 2*n - 336 - 48. Suppose 28 = 5*a - n. Calculate the greatest common factor of a and 11.
11
Let v(m) = -46*m + 235. Let p be v(5). Calculate the greatest common divisor of p and 45.
5
Suppose 3 - 8 = -c. Let z be (-2*c)/(-2) + -2. Suppose 2*q - 4*k - 229 = -1, -z*q + 2*k + 322 = 0. Calculate the greatest common divisor of 13 and q.
13
Suppose 0 = -t - y + 187, -2*y + 365 = 2*t - 3*y. What is the greatest common divisor of 69 and t?
23
Let g(a) be the second derivative of 7*a**3/2 + 35*a**2/2 - 27*a. Let v be g(9). What is the highest common divisor of 32 and v?
32
Suppose -5*u + 4*u - 4 = -t, -6 = -t + 3*u. Suppose -6*s + 15 = -t*s. Suppose 0 = s*v - 286 + 6. Calculate the greatest common divisor of 7 and v.
7
Let n be 7*(-42)/(-49)*(0 - -8). What is the greatest common divisor of n and 80?
16
Suppose 77*f - 64*f = 3003. Calculate the greatest common divisor of 1001 and f.
77
Let l = -123 - -151. Calculate the highest common divisor of l and 42.
14
Let u = -101 - -102. What is the highest common factor of u and 17?
1
Let y be (-4)/(-6)*2*21. Let g be (-1 - 6)/(-1 + 0). What is the greatest common factor of y and g?
7
Suppose 0 = 10*w - 2*w - 88. What is the greatest common divisor of 704 and w?
11
Suppose 3*n - 4*m - m = -29, 4*m = -20. Let s = n - -19. What is the highest common divisor of s and 7?
1
Suppose -2*n + 5 = -11. Suppose -n = w - 0*w - 4*t, 56 = 5*w + 4*t. Calculate the greatest common divisor of w and 56.
8
Let i = -175 + 24. Let j = -47 - i. Let w be 5 - (0 - (3 + 5)). Calculate the greatest common divisor of j and w.
13
Let g be ((-144)/28)/((-10)/315). Suppose 0 = 5*o - o - 72. What is the greatest common divisor of g and o?
18
Let d = -3868 - -5704. What is the greatest common divisor of 54 and d?
54
Let k = 117 - -1533. What is the highest common divisor of 66 and k?
66
Suppose -3*s + 2*s + 220 = 0. Suppose -80 = -4*z + s. What is the greatest common divisor of z and 15?
15
Let s be 10 - (-5)/(-5 + 4). Suppose 0*b + 124 = 3*g - 4*b, 2*b = s*g - 216. What is the greatest common factor of g and 132?
44
Let h = 9 - 11. Let t be (-13 - -12)/(h/8). Suppose 12 = t*m, -2*m + 5*m = 4*y - 87. Calculate the highest common factor of 36 and y.
12
Let b(a) = 3*a**2 + 17*a + 12. Suppose 25*i = 23*i - 12. Let v be b(i). Calculate the greatest common factor of 54 and v.
18
Let p be ((-5)/(-120)*-4)/(10/(-1860)). Calculate the greatest common factor of 12 and p.
1
Suppose 2*d - 3*y = -0*y + 5, -2*y + 60 = 5*d. What is the highest common divisor of 25 and d?
5
Suppose -4*i + 2*d + 0*d + 68 = 0, -2*d = 4. Suppose i*u - 234 = 7*u. Let o = 61 - 35. Calculate the greatest common factor of o and u.
26
Suppose -4*x + 46 = -3*s + 6, 3*s = 2*x - 20. Let m = -2 + 0. Let f = x + m. What is the greatest common factor of f and 8?
8
Let l(i) = -9*i - 119. Let s be l(-16). Calculate the greatest common divisor of 700 and s.
25
Suppose -9*f = -12*f + 273. Suppose -f - 29 = -8*h. What is the highest common divisor of 15 and h?
15
Let y be (-3 + (-31)/(-7))/((-2)/(-154)). What is the highest common factor of y and 44?
22
Let t be (-50)/(-2) - (16 - 21). Suppose -5*a + 18 + 12 = 0. Calculate the greatest common divisor of t and a.
6
Suppose -4*r = -5*c + 113, -c - 2*r - 3*r + 11 = 0. Let j = 39 - c. Let v = -256 + 258. Calculate the greatest common factor of v and j.
2
Let j be (-20)/(-8)*(-12)/(-5). Let a = 51 - 30. Calculate the greatest common divisor of a and j.
3
Let k(j) = -8*j - 158. Let n be k(-26). What is the greatest common divisor of n and 200?
50
Let f(o) = -10*o + 50. Let r be f(6). Suppose -3*c = 25 + 47. Let y = r - c. Calculate the highest common divisor of 14 and y.
14
Suppose -5*r - 5 = 0, -2*r = 5*p - 3*r - 406. Calculate the highest common divisor of p and 162.
81
Let n(t) = 9*t + 32. Let v be n(-4). Let u(f) = f**2 - 9*f - 12. Let a be u(v). What is the greatest common factor of a and 280?
40
Let c be -4 - (-2 - 0)*70/20. What is the highest common divisor of 123 and c?
3
Let y(b) = 84*b + 425. Let h be y(-5). Let p = -60 + 105. What is the highest common divisor of p and h?
5
Let b(j) = 14*j**3 + j**2 + j - 1. Let o be b(1). Let f = o + -9. Suppose 11*x = 13*x - 8. Calculate the greatest common divisor of f and x.
2
Let l = 27 + -15. Let a = -4 + l. Suppose 5*r + 20 = -j, -j + 2*r + 23 = a. Calculate the greatest common factor of 15 and j.
5
Let m(p) = p**3 + 17*p**2 - 5*p - 11. Let x be m(-13). What is the greatest common factor of 10 and x?
10
Suppose -4*p - 483 + 1743 = 0. What is the highest common divisor of 30 and p?
15
Let v = 87 + -57. Suppose 3*w + 16 = 4*s + 62, -5*w - 2*s + 42 = 0. Calculate the highest common factor of w and v.
10
Suppose 2*f + 35 - 13 = 3*b, f - 15 = -5*b. What is the highest common divisor of b and 236?
4
Let v = 48 - 0. Calculate the greatest common divisor of v and 120.
24
Let a be 1/(2 - 5/2). Let q be (42/24)/(a/(-136)). What is the highest common factor of 17 and q?
17
Let i(p) = 3*p**2 - 68*p - 26. Let k be i(24). Calculate the highest common factor of k and 56.
14
Suppose 5*w + 5*i - 7 = 488, -2*w + 5*i + 170 = 0. Let n = 28 - -10. What is the greatest common factor of n and w?
19
Let j = 16 + -2. Suppose 0 = -3*l + 142 - 100. Calculate the greatest common factor of j and l.
14
Let t be 1 + 1 + 10 + -3. Let k = -35 + 44. Calculate the highest common divisor of k and t.
9
Let x be (4 - 0/(-3)) + -46. Let t = -34 - x. Calculate the highest common factor of 40 and t.
8
Let l(v) = -2*v - 3. Let p(g) = 2*g - 5. Let s be p(5). Let t be l(s). Let w = -1 - t. What is the greatest common factor of 108 and w?
12
Suppose -60444 = -19*r - 17*r. What is the greatest common divisor of r and 73?
73
Suppose -2*o + 3*o + 2*y - 32 = 0, 4*y = -16. What is the highest common factor of 10 and o?
10
Let i = -138 - -242. Let l be i - 0/(3 + 0). Calculate the greatest common factor of 26 and l.
26
Suppose v = -3*v + 136. Let n = 15 + 70. Calculate the greatest common divisor of n and v.
17
Let b(m) be the second derivative of -5*m**3/6 - 4*m. Let p be b(-2). Let w be (24/p)/((-8)/(-80)). Calculate the greatest common divisor of 60 and w.
12
Let y = 24 - 0. Let t be (-6)/(-21) + (-128)/56. Let l be 16/y*(1 - t). Calculate the highest common divisor of 8 and l.
2
Suppose 2201 = 5*w - 4*n, -2*w - 3*n + 1299 = w. Calculate the greatest common divisor of w and 19.
19
Let a = -85 + 91. Calculate the highest common factor of a and 16.
2
Let j(k) = -k**2 + k + 48. Let m be j(0). Let n = 95 - 91. Let s be (n - 0)/((-4)/(-16)). Calculate the greatest common factor of m and s.
16
Let k be (-14)/3*(-36)/8. Let u = -40 - -103. Suppose -4*d + 5*d = u. What is the greatest common factor of k and d?
21
Let x(t) = t**2 + 12*t - 10. Let g be x(-13). Let h be 5 + 29 + (-2)/(-4 + g). Calculate the highest common factor of h and 24.
12
Suppose 4*b - 24 = 0, t = -10*b + 9*b + 15. Suppose -5*j + 5*n + 25 = 0, -j - j - 5 = 3*n. Suppose j*m = m + 36. Calculate the highest common factor of t and m.
9
Let l be -2*(-1 + -4 - -4). Suppose 0 = -2*j - 3*f + 17, -4*j - 2*f + 84 = -6*f. Calculate the highest common divisor of j and l.
2
Let r be -2 + 0 + -118 + 5. Let n = 141 + r. What is the greatest common divisor of n and 26?
26
Let b(u) = -u**3 + 4*u**2 + 11*u - 31. Let i be b(3). What is the greatest common divisor of i and 352?
11
Suppose 2*p = 85 + 11. Calculate the greatest common divisor of 6 and p.
6
Let r be ((-5)/((-15)/(-76)))/(134/(-201)). What is the greatest common factor of 817 and r?
19
Let z be ((-6)/33)/(33/(-13794)). What is the highest common factor of z and 2014?
38
Suppose -72 = -14*y + 8*y. Calculate the greatest common divisor of 1956 and y.
12
Let n = 416 + 1785. Calculate the highest common divisor of n and 31.
31
Let a(v) = -v**2 + 5*v - 2. Let c(g) = 2*g - 3. Let u be c(4). Let s be a(u). Let h be (s - (2 + -8)) + 3. Wh